
What is the remainder when 5834331 is divided by 98?
97
What is the remainder when 4871505 is divided by 1623832?
9
What is the remainder when 513 is divided by 181?
151
Calculate the remainder when 7342003 is divided by 702.
487
Calculate the remainder when 18486699 is divided by 100.
99
What is the remainder when 41842410 is divided by 6360?
6330
Calculate the remainder when 92404224 is divided by 1942.
1922
What is the remainder when 172769 is divided by 2425?
594
Calculate the remainder when 28016 is divided by 8100.
3716
What is the remainder when 5418597 is divided by 20?
17
What is the remainder when 303539740 is divided by 13?
10
What is the remainder when 109879635 is divided by 23?
10
Calculate the remainder when 1214598 is divided by 15774.
0
Calculate the remainder when 724164 is divided by 2099.
9
What is the remainder when 1387542 is divided by 1397?
321
What is the remainder when 546773 is divided by 49704?
29
What is the remainder when 339079 is divided by 12469?
2416
What is the remainder when 79419 is divided by 79413?
6
What is the remainder when 651827852 is divided by 325913917?
18
Calculate the remainder when 65534 is divided by 5902.
612
Calculate the remainder when 2227459 is divided by 520.
299
What is the remainder when 83098 is divided by 81611?
1487
What is the remainder when 147611757 is divided by 570?
567
Calculate the remainder when 55846 is divided by 13846.
462
Calculate the remainder when 8690949 is divided by 359.
277
Calculate the remainder when 35302 is divided by 1007.
57
Calculate the remainder when 106171877 is divided by 1662.
1655
Calculate the remainder when 401083494 is divided by 9.
6
What is the remainder when 146404 is divided by 44900?
11704
Calculate the remainder when 1157249 is divided by 1775.
1724
Calculate the remainder when 116411661 is divided by 2064.
2061
Calculate the remainder when 13449242 is divided by 388.
386
Calculate the remainder when 13678126 is divided by 140.
126
What is the remainder when 328740979 is divided by 5742?
5737
What is the remainder when 41235 is divided by 6872?
3
Calculate the remainder when 4758876 is divided by 79.
74
What is the remainder when 98635 is divided by 279?
148
Calculate the remainder when 45914752 is divided by 14.
2
What is the remainder when 10525376 is divided by 1138?
14
Calculate the remainder when 5706092 is divided by 1759.
1655
Calculate the remainder when 19148 is divided by 6275.
323
What is the remainder when 134658137 is divided by 11221510?
17
Calculate the remainder when 141881 is divided by 9452.
101
What is the remainder when 1034784 is divided by 170?
164
What is the remainder when 81563819 is divided by 12?
11
Calculate the remainder when 57868840 is divided by 317.
173
What is the remainder when 714276 is divided by 3417?
123
What is the remainder when 347796407 is divided by 788?
787
Calculate the remainder when 20484774 is divided by 227.
67
Calculate the remainder when 2032707 is divided by 579.
417
Calculate the remainder when 1464199 is divided by 918.
907
Calculate the remainder when 115649 is divided by 559.
495
Calculate the remainder when 142946 is divided by 608.
66
Calculate the remainder when 1237184 is divided by 240.
224
Calculate the remainder when 2287040 is divided by 13747.
5038
Calculate the remainder when 1336374 is divided by 8510.
304
Calculate the remainder when 7137753 is divided by 18933.
12
What is the remainder when 116578194 is divided by 1581?
1578
Calculate the remainder when 117301681 is divided by 51.
49
What is the remainder when 131721 is divided by 938?
401
Calculate the remainder when 25057125 is divided by 2701.
2649
Calculate the remainder when 374615 is divided by 7202.
111
What is the remainder when 18284 is divided by 127?
123
What is the remainder when 147998 is divided by 173?
83
Calculate the remainder when 270493 is divided by 44787.
1771
Calculate the remainder when 270597749 is divided by 125.
124
Calculate the remainder when 9449257 is divided by 31.
23
Calculate the remainder when 378685 is divided by 63103.
67
What is the remainder when 58484 is divided by 29217?
50
What is the remainder when 988934 is divided by 26023?
60
Calculate the remainder when 48997211 is divided by 471127.
3
What is the remainder when 1656303 is divided by 556?
535
Calculate the remainder when 723806 is divided by 24958.
24
What is the remainder when 2377657 is divided by 61?
60
What is the remainder when 170337547 is divided by 41?
13
Calculate the remainder when 346599 is divided by 69126.
969
What is the remainder when 8417374 is divided by 113?
4
What is the remainder when 282986715 is divided by 702?
687
What is the remainder when 273557808 is divided by 9?
0
Calculate the remainder when 4695243 is divided by 2347618.
7
What is the remainder when 76429 is divided by 195?
184
Calculate the remainder when 108649 is divided by 107343.
1306
What is the remainder when 11065005 is divided by 1392?
1389
What is the remainder when 1236709 is divided by 56214?
1
Calculate the remainder when 8568 is divided by 8041.
527
What is the remainder when 1361045 is divided by 52?
49
Calculate the remainder when 573188 is divided by 139636.
14644
Calculate the remainder when 1272684 is divided by 583.
578
Calculate the remainder when 140821 is divided by 6656.
1045
What is the remainder when 32806699 is divided by 1659?
1633
Calculate the remainder when 7308146 is divided by 22.
10
What is the remainder when 914225 is divided by 53774?
67
Calculate the remainder when 200115 is divided by 3030.
135
Calculate the remainder when 88565270 is divided by 247389.
8
What is the remainder when 12643592 is divided by 62?
56
Calculate the remainder when 223643469 is divided by 6942.
6939
Calculate the remainder when 496028 is divided by 22.
16
What is the remainder when 89320262 is divided by 7343?
10
Calculate the remainder when 8007720 is divided by 76264.
0
What is the remainder when 8732570 is divided by 71?
67
Calculate the remainder when 58006 is divided by 1094.
24
Calculate the remainder when 421640252 is divided by 1279.
1275
Calculate the remainder when 8040995 is divided by 893435.
80
Calculate the remainder when 69025435 is divided by 104.
11
What is the remainder when 112016 is divided by 7945?
786
Calculate the remainder when 188735 is divided by 46779.
1619
Calculate the remainder when 1140209 is divided by 98.
77
Calculate the remainder when 248516 is divided by 324.
8
What is the remainder when 256049 is divided by 103?
94
What is the remainder when 1491269 is divided by 158?
65
Calculate the remainder when 208799 is divided by 1725.
74
Calculate the remainder when 62248885 is divided by 2638.
2637
Calculate the remainder when 434004 is divided by 619.
85
Calculate the remainder when 960437 is divided by 479554.
1329
Calculate the remainder when 1811665 is divided by 153.
145
Calculate the remainder when 17990815 is divided by 5279.
5262
What is the remainder when 194814 is divided by 10245?
159
What is the remainder when 14325791 is divided by 14325763?
28
Calculate the remainder when 19816741 is divided by 87.
55
Calculate the remainder when 6557069 is divided by 73.
63
What is the remainder when 2511347 is divided by 2900?
2847
Calculate the remainder when 5160541 is divided by 11170.
1
What is the remainder when 8739270 is divided by 24?
6
What is the remainder when 835266 is divided by 138?
90
What is the remainder when 582959 is divided by 194?
183
What is the remainder when 785114 is divided by 402?
8
Calculate the remainder when 348420 is divided by 997.
467
Calculate the remainder when 508036 is divided by 46177.
89
What is the remainder when 149088039 is divided by 67675?
14
Calculate the remainder when 6154306 is divided by 274.
266
Calculate the remainder when 20271664 is divided by 582.
22
Calculate the remainder when 7094 is divided by 1767.
26
What is the remainder when 76584 is divided by 18?
12
Calculate the remainder when 1385179 is divided by 282.
277
What is the remainder when 1093830 is divided by 7703?
4
Calculate the remainder when 64127 is divided by 4477.
1449
Calculate the remainder when 462833 is divided by 68.
25
Calculate the remainder when 11823390 is divided by 89569.
282
